{"version":"1.0","provider_name":"Tenerife! despierta emociones","provider_url":"https:\/\/www.webtenerife.com\/elblog","author_name":"javier","author_url":"https:\/\/www.webtenerife.com\/elblog\/author\/javier\/","title":"El Teide, una visita en 360 grados al pico m\u00e1s alto de Espa\u00f1a","type":"rich","width":600,"height":338,"html":"<blockquote class=\"wp-embedded-content\" data-secret=\"8AGOaaFQCN\"><a href=\"https:\/\/www.webtenerife.com\/elblog\/2018\/03\/teide-360\/\">El Teide, una visita en 360\u00ba al pico m\u00e1s alto de Espa\u00f1a<\/a><\/blockquote><iframe sandbox=\"allow-scripts\" security=\"restricted\" src=\"https:\/\/www.webtenerife.com\/elblog\/2018\/03\/teide-360\/embed\/#?secret=8AGOaaFQCN\" width=\"600\" height=\"338\" title=\"\u00abEl Teide, una visita en 360\u00ba al pico m\u00e1s alto de Espa\u00f1a\u00bb \u2014 Tenerife! despierta emociones\" data-secret=\"8AGOaaFQCN\" frameborder=\"0\" marginwidth=\"0\" marginheight=\"0\" scrolling=\"no\" class=\"wp-embedded-content\"><\/iframe><script type=\"text\/javascript\">\n\/* <![CDATA[ *\/\n\/*! This file is auto-generated *\/\n!function(d,l){\"use strict\";l.querySelector&&d.addEventListener&&\"undefined\"!=typeof URL&&(d.wp=d.wp||{},d.wp.receiveEmbedMessage||(d.wp.receiveEmbedMessage=function(e){var t=e.data;if((t||t.secret||t.message||t.value)&&!\/[^a-zA-Z0-9]\/.test(t.secret)){for(var s,r,n,a=l.querySelectorAll('iframe[data-secret=\"'+t.secret+'\"]'),o=l.querySelectorAll('blockquote[data-secret=\"'+t.secret+'\"]'),c=new RegExp(\"^https?:$\",\"i\"),i=0;i<o.length;i++)o[i].style.display=\"none\";for(i=0;i<a.length;i++)s=a[i],e.source===s.contentWindow&&(s.removeAttribute(\"style\"),\"height\"===t.message?(1e3<(r=parseInt(t.value,10))?r=1e3:~~r<200&&(r=200),s.height=r):\"link\"===t.message&&(r=new URL(s.getAttribute(\"src\")),n=new URL(t.value),c.test(n.protocol))&&n.host===r.host&&l.activeElement===s&&(d.top.location.href=t.value))}},d.addEventListener(\"message\",d.wp.receiveEmbedMessage,!1),l.addEventListener(\"DOMContentLoaded\",function(){for(var e,t,s=l.querySelectorAll(\"iframe.wp-embedded-content\"),r=0;r<s.length;r++)(t=(e=s[r]).getAttribute(\"data-secret\"))||(t=Math.random().toString(36).substring(2,12),e.src+=\"#?secret=\"+t,e.setAttribute(\"data-secret\",t)),e.contentWindow.postMessage({message:\"ready\",secret:t},\"*\")},!1)))}(window,document);\n\/* ]]> *\/\n<\/script>\n","thumbnail_url":"https:\/\/www.webtenerife.com\/elblog\/wp-content\/uploads\/2018\/03\/shutterstock_538032535.jpg","thumbnail_width":1000,"thumbnail_height":667,"description":"El Teide, un gigante que se alza sobre las nubes con sus majestuosos 3.718 metros de altura. \u00bfTe gustar\u00eda recorrerlo en vistas de 360\u00ba? \u00bfVer como ser\u00eda la ascensi\u00f3n al pico del Teide? Desc\u00fabrelo con nosotros."}

El Teide, una visita en 360 grados al pico más alto de España

<blockquote class="wp-embedded-content" data-secret="8AGOaaFQCN"><a href="https://www.webtenerife.com/elblog/2018/03/teide-360/">El Teide, una visita en 360º al pico más alto de España</a></blockquote><iframe sandbox="allow-scripts" security="restricted" src="https://www.webtenerife.com/elblog/2018/03/teide-360/embed/#?secret=8AGOaaFQCN" width="600" height="338" title="«El Teide, una visita en 360º al pico más alto de España» — Tenerife! despierta emociones" data-secret="8AGOaaFQCN" frameborder="0" marginwidth="0" marginheight="0" scrolling="no" class="wp-embedded-content"></iframe><script type="text/javascript">
/* <![CDATA[ */
/*! This file is auto-generated */
!function(d,l){"use strict";l.querySelector&&d.addEventListener&&"undefined"!=typeof URL&&(d.wp=d.wp||{},d.wp.receiveEmbedMessage||(d.wp.receiveEmbedMessage=function(e){var t=e.data;if((t||t.secret||t.message||t.value)&&!/[^a-zA-Z0-9]/.test(t.secret)){for(var s,r,n,a=l.querySelectorAll('iframe[data-secret="'+t.secret+'"]'),o=l.querySelectorAll('blockquote[data-secret="'+t.secret+'"]'),c=new RegExp("^https?:$","i"),i=0;i<o.length;i++)o[i].style.display="none";for(i=0;i<a.length;i++)s=a[i],e.source===s.contentWindow&&(s.removeAttribute("style"),"height"===t.message?(1e3<(r=parseInt(t.value,10))?r=1e3:~~r<200&&(r=200),s.height=r):"link"===t.message&&(r=new URL(s.getAttribute("src")),n=new URL(t.value),c.test(n.protocol))&&n.host===r.host&&l.activeElement===s&&(d.top.location.href=t.value))}},d.addEventListener("message",d.wp.receiveEmbedMessage,!1),l.addEventListener("DOMContentLoaded",function(){for(var e,t,s=l.querySelectorAll("iframe.wp-embedded-content"),r=0;r<s.length;r++)(t=(e=s[r]).getAttribute("data-secret"))||(t=Math.random().toString(36).substring(2,12),e.src+="#?secret="+t,e.setAttribute("data-secret",t)),e.contentWindow.postMessage({message:"ready",secret:t},"*")},!1)))}(window,document);
/* ]]> */
</script>

El Teide, un gigante que se alza sobre las nubes con sus majestuosos 3.718 metros de altura. ¿Te gustaría recorrerlo en vistas de 360º? ¿Ver como sería la ascensión al pico del Teide? Descúbrelo con nosotros.
